) to base 7.
2
Convert 8 (base 10) to base 4.
20
-101 (base 8) to base 9
-72
2 (base 6) to base 14
2
What is -21 (base 9) in base 14?
-15
What is -133 (base 4) in base 12?
-27
Convert 24 (base 5) to base 15.
e
What is 6 (base 7) in base 3?
20
What is -156 (base 11) in base 7?
-350
Convert -21 (base 3) to base 9.
-7
Convert 36 (base 16) to base 6.
130
Convert -21 (base 15) to base 16.
-1f
Convert 11 (base 7) to base 6.
12
2302 (base 4) to base 7
343
Convert -15 (base 16) to base 4.
-111
-3 (base 5) to base 14
-3
What is 7 (base 15) in base 13?
7
-55 (base 12) to base 5
-230
Convert -2 (base 9) to base 13.
-2
-312 (base 8) to base 16
-ca
Convert 14d (base 15) to base 4.
10222
22 (base 10) to base 14
18
-1 (base 13) to base 14
-1
What is -2 (base 7) in base 4?
-2
What is 0 (base 3) in base 7?
0
-201 (base 5) to base 13
-3c
283 (base 10) to base 7
553
22 (base 6) to base 10
14
-101100110 (base 2) to base 16
-166
1000011 (base 2) to base 12
57
What is 21 (base 13) in base 4?
123
Convert -11 (base 7) to base 10.
-8
What is -7 (base 10) in base 12?
-7
0 (base 5) to base 9
0
What is 1 (base 9) in base 8?
1
Convert -101001 (base 2) to base 9.
-45
What is 206 (base 13) in base 6?
1332
1 (base 4) to base 14
1
What is -11 (base 5) in base 10?
-6
13 (base 7) to base 9
11
What is 12 (base 3) in base 11?
5
What is -2 (base 15) in base 5?
-2
What is -35 (base 12) in base 15?
-2b
-11 (base 12) to base 6
-21
-2 (base 12) to base 15
-2
Convert 55 (base 11) to base 10.
60
Convert 203 (base 4) to base 7.
50
Convert -17 (base 11) to base 12.
-16
Convert -22100 (base 3) to base 12.
-169
What is 55 (base 8) in base 10?
45
-5 (base 12) to base 15
-5
What is -380 (base 10) in base 15?
-1a5
What is 107 (base 10) in base 7?
212
What is -11 (base 4) in base 11?
-5
16 (base 8) to base 7
20
Convert 111 (base 3) to base 10.
13
0 (base 7) to base 9
0
-32 (base 4) to base 8
-16
-3 (base 5) to base 6
-3
Convert 6 (base 8) to base 5.
11
Convert 3 (base 15) to base 11.
3
Convert 2 (base 13) to base 8.
2
Convert -22 (base 8) to base 11.
-17
Convert 37 (base 12) to base 16.
2b
Convert -2200 (base 4) to base 8.
-240
Convert 2 (base 7) to base 9.
2
What is 4 (base 8) in base 11?
4
Convert 0 (base 12) to base 7.
0
What is 18 (base 11) in base 9?
21
Convert -3 (base 10) to base 3.
-10
Convert 24 (base 16) to base 5.
121
3 (base 9) to base 6
3
What is 4 (base 5) in base 9?
4
Convert 1d (base 15) to base 8.
34
Convert -5b (base 14) to base 16.
-51
Convert -300 (base 6) to base 3.
-11000
-310 (base 4) to base 10
-52
What is 13 (base 10) in base 9?
14
320 (base 6) to base 3
11110
Convert 5 (base 11) to base 14.
5
What is 200 (base 3) in base 4?
102
What is 101102 (base 3) in base 12?
1b5
Convert 1333 (base 5) to base 9.
262
23 (base 7) to base 14
13
What is 6 (base 7) in base 4?
12
What is -20 (base 3) in base 8?
-6
-2 (base 14) to base 4
-2
11 (base 3) to base 14
4
Convert -2 (base 9) to base 11.
-2
What is -5 (base 13) in base 4?
-11
-1 (base 4) to base 3
-1
-3 (base 11) to base 8
-3
Convert 3 (base 16) to base 12.
3
What is 4 (base 13) in base 8?
4
0 (base 7) to base 14
0
-6 (base 7) to base 11
-6
What is -332 (base 5) in base 13?
-71
What is -100 (base 4) in base 12?
-14
Convert 177 (base 8) to base 10.
127
What is 120 (base 4) in base 14?
1a
What is 3 (base 16) in base 4?
3
Convert -33 (base 16) to base 2.
-110011
-1 (base 2) to base 11
-1
Convert -37 (base 8) to base 4.
-133
What is -406 (base 8) in base 5?
-2022
What is 0 (base 16) in base 12?
0
What is 0 (base 15) in base 5?
0
-11001 (base 2) to base 5
-100
What is 3 (base 12) in base 8?
3
-24 (base 10) to base 12
-20
21 (base 9) to base 5
34
What is -5 (base 6) in base 13?
-5
What is 10 (base 2) in base 14?
2
14 (base 15) to base 10
19
What is 1 (base 15) in base 12?
1
1 (base 10) to base 2
1
631 (base 7) to base 5
2231
What is -1c (base 15) in base 8?
-33
-2 (base 9) to base 14
-2
Convert -97 (base 16) to base 13.
-b8
-1 (base 4) to base 8
-1
Convert 10 (base 2) to base 16.
2
8b (base 12) to base 11
98
What is 73 (base 12) in base 14?
63
3 (base 13) to base 3
10
What is -10 (base 5) in base 4?
-11
What is 14 (base 6) in base 15?
a
3 (base 4) to base 15
3
-10 (base 12) to base 7
-15
-26 (base 9) to base 13
-1b
-162 (base 13) to base 15
-119
Convert 3 (base 5) to base 6.
3
What is -2 (base 14) in base 8?
-2
a (base 15) to base 13
a
What is 121 (base 3) in base 16?
10
What is 16 (base 10) in base 11?
15
What is -12 (base 16) in base 4?
-102
What is 11 (base 11) in base 13?
c
-1 (base 10) to base 14
-1
What is 1 (base 5) in base 7?
1
Convert 3 (base 12) to base 10.
3
What is c (base 13) in base 10?
12
Convert 1 (base 10) to base 13.
1
Convert 375 (base 8) to base 3.
100101
What is -93 (base 14) in base 3?
-11210
What is 100 (base 3) in base 8?
11
What is d (base 16) in base 3?
111
Convert -10000 (base 2) to base 12.
-14
-211 (base 3) to base 8
-26
What is 9 (base 14) in base 12?
9
-3a (base 12) to base 2
-101110
-199 (base 11) to base 7
-445
What is -97 (base 11) in base 3?
-10221
Convert 2 (base 11) to base 3.
2
Convert 2032 (base 4) to base 6.
354
What is -242 (base 7) in base 6?
-332
Convert 111 (base 2) to base 3.
21
What is 1b (base 15) in base 8?
32
-19 (base 10) to base 11
-18
-2 (base 14) to base 3
-2
Convert -1 (base 7) to base 12.
-1
Convert -4 (base 15) to base 16.
-4
Convert -11 (base 3) to base 12.
-4
What is -5 (base 10) in base 9?
-5
Convert -1022 (base 4) to base 8.
-112
What is -262 (base 8) in base 10?
-178
Convert -4 (base 5) to base 8.
-4
-12 (base 10) to base 14
-c
What is 8 (base 9) in base 3?
22
-33 (base 14) to base 11
-41
What is 6 (base 16) in base 14?
6
What is 100 (base 3) in base 8?
11
Convert -1 (base 6) to base 10.
-1
Convert -3 (base 6) to base 15.
-3
What is 118 (base 9) in base 16?
62
-30 (base 10) to base 12
-26
What is -112 (base 9) in base 6?
-232
What is 20 (base 16) in base 11?
2a
0 (base 3) to base 9
0
34 (base 16) to base 15
37
What is -1 (base 5) in base 6?
-1
4 (base 16) to base 6
4
Convert 2 (base 3) to base 10.
2
Convert 1 (base 6) to base 13.
1
Convert 2 (base 9) to base 4.
2
Convert -37 (base 15) to base 7.
-103
240 (base 6) to base 2
1100000
Convert 0 (base 9) to base 12.
0
Convert 87 (base 9) to base 4.
1033
What is 13 (base 16) in base 11?
18
What is -1 (base 6) in base 5?
-1
What is -13 (base 12) in base 4?
-33
Convert 1010100 (base 2) to base 7.
150
What is -10 (base 13) in base 7?
-16
What is 32a (base 11) in base 10?
395
Convert -10 (base 7) to base 14.
-7
Convert -14 (base 14) to base 6.
-30
Convert 33 (base 7) to base 15.
19
What is 6b (base 15) in base 8?
145
Convert 1 (base 16) to base 12.
1
104 (base 6) to base 11
37
e (base 15) to base 13
11
-3 (base 8) to base 10
-3
Convert -23 (base 6) to base 7.
-21
Convert 18 (base 15) to base 14.
19
-3 (base 4) to base 16
-3
What is -2010 (base 5) in base 2?
-11111111
0 (base 16) to base 10
0
What is -6 (base 12) in base 3?
-20
Convert 43 (base 6) to base 5.
102
Convert -1 (base 10) to base 4.
-1
Convert -10101110 (base 2) to base 5.
-1144
-10 (base 2) to base 13
-2
1 (base 11) to base 13
1
What is -20 (base 10) in base 13?
-17
Convert 3 (base 5) to base 2.
11
Convert 2 (base 13) to base 14.
2
0 (base 2) to base 13
0
0 (base 8) to base 3
0
Convert -2 (base 5) to base 4.
-2
-66 (base 7) to base 12
-40
Convert -221 (base 5) to base 9.
-67
Convert 6 (base 12) to base 10.
6
Convert -3 (base 10) to base 7.
-3
-1101010 (base 2) to base 10
-106
-6 (base 15) to base 8
-6
What is 101 (base 2) in base 14?
5
-4 (base 8) to base 2
-100
Convert -101 (base 10) to base 7.
-203
Convert -12 (base 5) to base 15.
-7
-1342 (base 6) to base 16
-15e
Convert -3 (base 8) to base 14.
-3
Convert -5 (base 6) to base 9.
-5
What is -14 (base 5) in base 7?
-12
-3 (base 12) to base 15
-3
What is 2001 (base 5) in base 7?
506
What is 21 (base 7) in base 9?
16
What is -216 (base 9) in base 10?
-177
Convert 7 (base 15) to base 16.
7
What is -1 (base 11) in base 9?
-1
Convert 150 (base 8) to base 9.
125
Convert -14 (base 15) to base 8.
-23
Convert -67 (base 13) to base 5.
-320
Convert 21 (base 5) to base 13.
b
-2 (base 13) to base 9
-2
Convert -302 (base 9) to base 10.
-245
Convert -d (base 16) to base 9.
-14
What is -43 (base 10) in base 14?
-31
-1 (base 11) to base